 (3 - (1 + 1)) + (25 - 34).
-8
What is the value of 1 - 1 - (108 - 108)?
0
(1 - 10) + 9 + -7 + 23
16
Evaluate (-9 + 31 - 52) + 24.
-6
What is -4 + 0 + 210 + -198 + -22 + 0?
-14
Calculate (-109 - -113) + (2 - (3 - 1)).
4
What is 18 + (-12 - (16 - 9))?
-1
(-37 - -27) + (8 - 0 - -1)
-1
What is -1 - (-3 + 1) - -11 - (32 + -32)?
12
Evaluate -14 + (29 - 9) - (2 - -2).
2
Calculate -3 - (31 + -3 - (12 + 0)).
-19
What is the value of 31 - (-7 + -5 - -36)?
7
Calculate 16 + -2 - (87 + -82).
9
Evaluate -15 + 9 + (1 - 7 - (24 - 30)).
-6
What is the value of 3 - 1 - 0 - (9 + -5) - 5?
-7
What is 5 + 5 + (-6 - -18) + -7?
15
What is 1 - (-7 - (6 - 11)) - 8?
-5
(0 - -1) + (16 - (7 - -6))
4
Calculate (-2 - 3 - (97 - 92)) + -3.
-13
Calculate (12 + 28 - 12) + -36.
-8
What is the value of -2 + 2 - -4 - 10 - (7 - 5)?
-8
What is 9 + (14 - -5) + -57?
-29
What is -11 - (12 + -47 + 11 + -17)?
30
What is 1 + (8 - (6 + 3)) + -13?
-13
What is (21 - -4) + (-168 - -151)?
8
(42 + -37 - (-2 + 8)) + -2
-3
Evaluate 2 + -3 + (9 + -7 - -13) + -1.
13
Evaluate (-1 - -4) + -1 - -7.
9
(13 - 12 - 20) + (8 - 7)
-18
What is 20 - 2 - (8 - (-22 + 20))?
8
What is the value of 75 + -68 + (2 - -6)?
15
Calculate 0 + -4 + (13 - 16) - -1 - -3.
-3
Evaluate 3 + (-33 - -1 - ((-66 - -32) + 29)).
-24
-7 - (2 - ((2 - 1) + -4 + 15))
3
What is -12 - (1 + 14 + -16 + (-6 - 1))?
-4
What is 1 - -7 - -2 - (9 - -12 - -1)?
-12
Calculate (6 - 11) + (-17 - (-7 - 4)).
-11
What is the value of 5 + 2 - (132 - 122)?
-3
Evaluate 14 + 2 + -7 + 10 + -12.
7
Evaluate -1 - (-11 + (-12 - (-19 - -9))).
12
Calculate ((6 - 3) + 8 - 4) + -12.
-5
Evaluate 35 - (-22 + 65 - 35).
27
What is the value of (20 - 15 - 17) + 24?
12
What is the value of -10 + (-17 + 17 - (1 + -7))?
-4
Calculate (0 - ((-10 - -9) + -2)) + (-8 - 21).
-26
Evaluate (-37 - -78) + -99 - -40.
-18
What is the value of 9 - (1 + (-26 - (-5 - 13)))?
16
Evaluate 15 - 21 - 4 - 3.
-13
-2 + 4 + -3 - (-73 + 25 + 29)
18
6 + 6 + 2 - 26
-12
1 + 26 + -27 - 15
-15
Evaluate (-12 - -8) + (-1 + 4 - (5 + -8)).
2
-11 + 3 + 96 + -74
14
7 - (-5 + 16) - (1 + (6 - -2))
-13
Calculate (24 - (8 - -8)) + -20.
-12
-14 + 0 + (-2 - -13) + 3 + 4
4
What is the value of -25 + (-23 - -51) - -32?
35
-1 + 23 - (-6 - -28)
0
Calculate -25 - -14 - (-20 + 1).
8
Evaluate 3 - (-8 + 1 + -1 + 5).
6
(2 - 1 - 0) + (14 - 7) - 3
5
-8 + (-3 - -17 - 4 - 9)
-7
-13 + 10 + (-3 - (0 + 6)) + -3
-15
What is (16 + -8 - 20 - -5) + 6?
-1
What is 5 + -15 + 9 + 7 + -1 + -14?
-9
Evaluate -34 + 55 + -13 + -9.
-1
Evaluate 25 - ((31 - -1) + 19).
-26
Evaluate 8 - 9 - 3 - (4 + -1 + -16).
9
Calculate 19 + -5 - (-25 - -24).
15
Evaluate 30 - ((-40 - -23) + 37).
10
(-1 + -3 - 8) + 51 + -47
-8
Calculate (-5 - -7 - 4) + 4 - 0.
2
What is -6 + -7 + 7 - 6 - (-1 - 1)?
-10
What is -16 + (6 + -9 + -2 - -8 - 4)?
-17
Evaluate 1 - (-24 + 3 - -5).
17
-34 - -52 - (18 - 2)
2
Calculate 0 + -1 + (15 - 11 - -2).
5
-3 + (-107 - -121) + (3 - 16)
-2
33 + -37 + 42 - 31
7
Calculate -22 - -4 - (3 - 9 - 2).
-10
(6 - -8 - -7) + 15 + -5 + -15
16
Evaluate 3 + 35 + (7 - 74).
-29
Evaluate -8 + (0 - (4 - (4 - 2))) + -4.
-14
Calculate -4 + (4 - -7) - 20.
-13
What is 12 + 9 + -36 + -10 + 2?
-23
What is the value of -6 - -6 - 8 - (-58 - -38)?
12
What is 7 + -5 + -10 + 27 + 11 + -5?
25
Calculate 17 + 10 + -21 + -3 + -2 + 1.
2
Evaluate -11 + -10 + (-9 - -55).
25
-5 + -4 + (9 + -17 - -2)
-15
23 + (-17 - (-1 - 25))
32
What is the value of 2 - 0 - (-1 + -14 + 20)?
-3
Calculate 10 + (7 - 7) + -6 + 0.
4
-20 + 192 + -192 + 1 + 8
-11
-14 + 9 + 9 + -11
-7
5 + -5 + 6 - (-13 - -3 - -4)
12
What is (10 - 5) + (-27 - -22 - (12 - 0))?
-12
Calculate -1 - 6 - (-102 - -92) - (-16 + -2).
21
Calculate -10 + (0 - 7) + 26 + -22.
-13
Evaluate (-4 - -2) + -3 - (-105 - -99).
1
-49 + 9 + -5 + 11 + -4 - -10
-28
Calculate -2 + 7 + (-5 - (3 - 5)).
2
Calculate -34 + (-4 - -37) + -4.
-5
What is the value of 24 - ((3 - 8) + (-14 + 3 - -22))?
18
Calculate (-5 - -7) + (-4 - (9 - (-5 + 22))).
6
What is the value of -8 - ((22 - 19) + -19)?
8
Calculate 8 + 0 - (12 + 1 - (19 - 17)).
-3
What is the value of 57 - 71 - (-2 - 8)?
-4
Evaluate 12 + -3 + -14 - -12.
7
Evaluate -13 - (-45 - (-35 - -15) - 2).
14
Calculate -223 + 207 - (-27 - 0).
11
Evaluate 3 - (13 - (11 - -2)).
3
Calculate 11 + -4 - (-8 + (11 - -12)).
-8
What is the value of 5 - (12 - 6 - (8 + -1))?
6
Calculate (47 - 6) + (-4 - (11 - 12 - -8)).
30
What is the value of 30 + -69 - -48 - (1 - -18)?
-10
Calculate -1 - 8 - (-724 - -692).
23
Evaluate 2 + -16 + 22 + -8.
0
What is the value of 9 - (6 + -16 - -2 - (-10 - -2))?
9
Calculate (-11 - (-8 + -6)) + -8 - 12.
-17
Evaluate (-4 - (-11 - 5)) + -6 + 0 + 1.
7
Calculate 8 + (9 + (-6 - 11) - 27 - -5).
-22
28 + -14 + 4 - (-9 - -5 - 5)
27
What is the value of (-34 + 20 - -5) + 7?
-2
Calculate -11 + (-5 - (10 + -12)) + 12.
-2
Evaluate 15 + (7 + -16 - -7) + -37.
-24
What is the value of -6 + 8 + (-30 - (-24 + 0))?
-4
What is the value of -1 - -1 - (87 - 29 - 68)?
10
What is the value of (-17 + 10 - -28) + -10 + -39?
-28
What is the value of -14 + -1 + 8 + -34 + 34 - -2?
-5
Evaluate -4 + 8 + 26 + -21.
9
What is (-1 - (1 + 10)) + (-89 + 66 - -16)?
-19
Calculate -25 + (1 + 25 - 5) - (1 + 27).
-32
-1 - (0 - (-8 - -6))
-3
Evaluate -16 + 52 + -27 + -10.
-1
-2 + -7 + (12 - (12 + 7 - 8))
-8
What is the value of -20 + 5 + (17 - 2 - -11)?
11
What is 7 - (12 + 10) - 4?
-19
Calculate -2 - -2 - (1 + 27 - (-297 - -308)).
-17
-12 - (14 + 19 + -32)
-13
Evaluate -18 - ((-16 - -3) + (25 - 17)).
-13
Calculate -11 - (7 + (3 - 2 - 8 - 1)).
-10
-3 + (-1 - 3) + -2 - (-43 + 46)
-12
Calculate (-47 - (49 - 101)) + (-1 - -7).
11
Evaluate (-3 - 5) + 16 + -16 + 13.
5
What is (8 + -11 + 1 - (5 + -2)) + 0?
-5
What is -388 - -363 - (0 + -52)?
27
Evaluate 12 + (-7 - -7 - 1) + (-4 - -5).
12
Evaluate (-55 - -65) + (3 - (5 + 0)) + -2.
6
What is -29 + -30 + 1 + 42?
-16
What is the value of 4 + -3 + 4 - (-1 - -1 - 6)?
11
What is 5 + (-13 - -16) - -11?
19
What is the value of 4 + 4 + (4 - 20)?
-8
Calculate 8 - (5 + 12 + -5).
-4
(4 - 29) + 36 - (2 + 7)
2
What is the value of (6 - 18) + 13 - (1 + -2)?
2
350 - 355 - (-1 + -3)
-1
Calculate 11 + (-3 - (8 + -2 - 3)).
5
Evaluate -7 - (9 - (6 + 5 + 18)).
13
Evaluate -13 - (40 - 24) - -39.
10
What is the value of -4 + -13 + -7 + 14?
-10
Calculate 39 + -38 + 20 - 34.
-13
Evaluate 4 + 9 + (-9 - (-9 - -6)).
7
Calculate 4 + 2 + -20 + (-1 - -8 - 3).
-10
-34 + -8 - -7 - -17
-18
What is the value of -1 + 17 - (62 + -47)?
1
What is the value of 1 + (10 - 12) + 3 + -18?
-16
Evaluate (3 - 7) + -1 + 6 - 3 - -17.
15
What is -19 + 9 + -10 + 3 + 5 + 1?
-11
What is ((8 - -3) + -5 - -1) + -4?
3
19 - (31 - 7) - (3 + -2)
-6
What is the value of -16 + 3 + (2 + -3 - (-91 - -96))?
-19
Evaluate 17 - (-5 - ((-1 - -4) + (67 - 77))).
15
What is (-1 - (3 + -41)) + (249 - 260)?
26
What is the value of (6 - 20) + (-7 - -11) - (-1 + 6)?
-15
-8 + (-5 - 2) + (39 - (3 - -8))
13
Evaluate 4 + 2 + 13 + (4 - 13) + 2.
12
What is the value of (-99 - -107) + (-1 - -9) - -6?
22
What is (33 - 27 - (1 - -21)) + 2?
-14
What is the value of 0 + (5 - (-13 - -15))?
3
What is (-10 - 3 - (77 - 79)) + -2?
-13
Evaluate 20 + -14 + -9 - (2 + -2 + 2).
-5
What is -4 - (-10 + (-10 - (6 + 4)) - 1)?
27
What is 11 + (-27 + 9 - 0)?
-7
What is the value of -10 + 4 + -3 + (4 + -7 - -5)?
-7
What is (-5 + 6 - (-5 + 3) - 2) + -6?
-5
What is the value of -17 + 106 + -105 + (2 - 10)?
-24
Evaluate (-5 - 10) + -11 - -4.
-22
What is the value of -4 + 8 + -1 + (-2 - (-13 + 48))?
-34
What is the value of -10 + (-6 - (1 - 16))?
-1
Evaluate (31 - 61) + 16 + -7.
-21
What is -17 + 10 + -3 + 10?
0
0 - ((3 - 3) + 8) - (94 + -120)
18
What is -29 + 23 - (-22 - (3 + -4 + 5))?
20
What is (-1 - 6) + (-8 - -5 - -10)?
0
What is the value of -24 + (20 - -47) - 9?
34
Evaluate 10 + -19 + 13 + (5 - 16).
-7
What is 32 - (0 - 1) - (74 + -61)?
20
Evaluate 0 - -8 - (11 - 13).
10
What is -9 + 13 + 3 - 7?
0
Calculate (2 - 6) + 3 - 0 - (11 - 2).
-10
What is 0 + 2 + (8 - 4 - 8 - -8)?
6
What is the value of (-1 + 3 - (54 + -34)) + 48?
30
Calculate 0 + (11 - 6) + -5 + 0.
0
What is (5 - (-19 - -5)) + -17?
2
Calculate -6 + -3 + -3 + 8 + -3 + -26.
-33
(-14 - -5 - 2) + 21
10
Evaluate 1 + 0 + -5 + (-485 - -485) + -11.
-15
-6 + (24 - (15 - 2)) - (-15 + 1)
19
Calculate -20 - -30 - 11 - -14.
13
What i